-24b741
In base 11, what is -66376 - -453?
-65a23
In base 4, what is -11 + -11320221212?
-11320221223
In base 4, what is -2033 + -323001001?
-323003100
In base 13, what is -1965341 + 10?
-1965331
In base 2, what is -111000100100111111101 + -110?
-111000100101000000011
In base 7, what is 4211 - 36363?
-32152
In base 4, what is 20 - -113233010?
113233030
In base 14, what is -a404 + 19a3?
-8841
In base 13, what is -23712115 - 5?
-2371211a
In base 8, what is -25547 - -1133?
-24414
In base 11, what is 328 + -6aa1a4?
-6a9977
In base 3, what is -1002101210021211020 + -12?
-1002101210021211102
In base 3, what is 122221202211 - -12202?
122221222120
In base 6, what is -2 - -5351235001?
5351234555
In base 10, what is 4 - -3091100?
3091104
In base 12, what is -3 - a9a2708?
-a9a270b
In base 5, what is -10 + 1403414302?
1403414242
In base 13, what is 18 - -2c3851a?
2c38535
In base 11, what is 58a + -152159?
-15167a
In base 8, what is -224306 - 613?
-225121
In base 8, what is -1 - 173635610?
-173635611
In base 10, what is -541 - -995?
454
In base 5, what is 334 - 2433422?
-2433033
In base 7, what is -6 - -16024?
16015
In base 12, what is -3b2880 - -7?
-3b2875
In base 3, what is -20210112001 - 1212120?
-20212101121
In base 12, what is -4 - 942345?
-942349
In base 3, what is 210002101211 + -121?
210002101020
In base 12, what is 4119 - -10358?
14475
In base 12, what is -21803b124 + 4?
-21803b120
In base 10, what is 19 + 3239140?
3239159
In base 9, what is 4 + 6120523?
6120527
In base 9, what is 6 - 14503468?
-14503462
In base 5, what is 20240232 - -322?
20241104
In base 14, what is 5c1db60 - 0?
5c1db60
In base 2, what is -101001000 - -1010010001101100101?
1010010001000011101
In base 14, what is 9a - -680224?
6802c0
In base 5, what is 124110421400 - -1?
124110421401
In base 12, what is 6b319 - 557a?
6595b
In base 13, what is 992489 - a?
99247c
In base 9, what is 57 - -2241413?
2241471
In base 3, what is -1 - 2220101000122020?
-2220101000122021
In base 10, what is -8338 + 301?
-8037
In base 2, what is 11101101100 - 111010011000?
-11100101100
In base 6, what is 4 + 35531504?
35531512
In base 6, what is 2 + -22532050351?
-22532050345
In base 14, what is -197440 - -75?
-1973a9
In base 10, what is -5 + -10710229?
-10710234
In base 7, what is -31 + 1543012?
1542651
In base 3, what is 22022020 + 11121001?
110220021
In base 5, what is -32012032234 - 0?
-32012032234
In base 2, what is -1100 - 100110101000110110101?
-100110101000111000001
In base 10, what is 243 + -255962?
-255719
In base 14, what is 1 - -67a289a?
67a289b
In base 6, what is 2 - -2240201123?
2240201125
In base 10, what is 4 + -9468085?
-9468081
In base 14, what is -b3c6d24 + -3?
-b3c6d27
In base 6, what is 5 + -214354442?
-214354433
In base 13, what is -4 - -3755cb?
3755c7
In base 13, what is 756a1 - 48?
75656
In base 7, what is 6563641 + 22?
6563663
In base 16, what is 5840c - 223?
581e9
In base 12, what is -69732 + -96?
-69808
In base 10, what is 9282 + 76451?
85733
In base 7, what is 0 - 1323666340?
-1323666340
In base 5, what is 300040220113 + -22?
300040220041
In base 12, what is -407053b - 1?
-4070540
In base 10, what is -2 + 1409585?
1409583
In base 11, what is 0 + -66343727?
-66343727
In base 6, what is 114052325322 - -2?
114052325324
In base 8, what is -1611 + 26524?
24713
In base 2, what is -111100110110111110101 + 10111?
-111100110110111011110
In base 5, what is 10 + 440313012431?
440313012441
In base 5, what is 332440144 - -10?
332440204
In base 7, what is -3550361301 + 5?
-3550361263
In base 4, what is 22123223120 - -223?
22123230003
In base 14, what is 1298 - 44d?
c49
In base 16, what is -4 + -fd5d1?
-fd5d5
In base 5, what is -343 + -224023300?
-224024143
In base 3, what is 11101021221001 + 21?
11101021221022
In base 3, what is -21210120222012000 - 12?
-21210120222012012
In base 7, what is -33033114 - 22?
-33033136
In base 16, what is 7f4ea5 + 4?
7f4ea9
In base 16, what is c4729 - -4?
c472d
In base 14, what is -8 - 240c808?
-240c812
In base 11, what is 17589 + 1285?
18863
In base 3, what is -12001222 + -20102022?
-102111021
In base 7, what is 32 - -26620362?
26620424
In base 16, what is -99558 + 9?
-9954f
In base 12, what is b04 - 34a?
776
In base 14, what is 4852bb + -6?
4852b5
In base 12, what is -33a - -59882?
59544
In base 15, what is -dd036c + -4?
-dd0371
In base 14, what is -5a - 1d9a81?
-1d9adb
In base 6, what is -34154511 - -23?
-34154444
In base 2, what is 11111011101110110 - -101011?
11111011110100001
In base 3, what is 220222020 + 11002100?
1002001120
In base 6, what is 40 + 1341112013?
1341112053
In base 15, what is -ab11 + 84d?
-a2b3
In base 8, what is -15037 - 4176?
-21235
In base 7, what is -3 - 104260104?
-104260110
In base 10, what is -2177778 + 19?
-2177759
In base 12, what is a218 - 1832?
85a6
In base 7, what is -25041 + 12502?
-12236
In base 9, what is 54 - 368564?
-368510
In base 15, what is 20e + -bb74?
-b965
In base 15, what is -96e - -759?
-215
In base 10, what is -1 - -1004172?
1004171
In base 5, what is -1 - 3031332112?
-3031332113
In base 3, what is 112111 + -2022212120?
-2022100002
In base 5, what is -41014142230 + 0?
-41014142230
In base 11, what is 21a48 - -184?
22121
In base 6, what is -5 + -314323431?
-314323440
In base 12, what is -4 + 2a5b7b5?
2a5b7b1
In base 2, what is -100 + 10111111000001001010?
10111111000001000110
In base 9, what is 5561 - 238867?
-233306
In base 5, what is -1301141 - -1020?
-1300121
In base 5, what is -1143112 - 120400?
-1314012
In base 3, what is -21221101010121112 - 2?
-21221101010121121
In base 5, what is 41 + -2142303130?
-2142303034
In base 13, what is 5c45c3 + -2?
5c45c1
In base 15, what is 5102 - b068?
-5e66
In base 13, what is 6b9 + -7789?
-70a0
In base 8, what is 223646 - 26?
223620
In base 16, what is -a19656 + -6b?
-a196c1
In base 16, what is -c84f - -1451?
-b3fe
In base 10, what is -997873 + -6?
-997879
In base 13, what is 5 - -1a0a7307?
1a0a730c
In base 14, what is 2d8ab7 - -3?
2d8aba
In base 12, what is -13 - 4a2585?
-4a2598
In base 12, what is b - 38aa97?
-38aa88
In base 6, what is 14012314 + 342?
14013100
In base 6, what is -503055 - 14311?
-521410
In base 10, what is 6340164 - 4?
6340160
In base 7, what is 34 + -2224050?
-2224013
In base 7, what is -65233 - -1312?
-63621
In base 4, what is 20031123021010 - 10?
20031123021000
In base 11, what is 3004044 + -1?
3004043
In base 11, what is 43 - 58688?
-58645
In base 16, what is 1d14 - -1df4?
3b08
In base 10, what is -3328889 - 26?
-3328915
In base 10, what is 55078 + 99?
55177
In base 2, what is -101010011011011000 + 1010010?
-101010011010000110
In base 5, what is 3000330401 + -10?
3000330341
In base 3, what is 2122110110 + 1022?
2122111202
In base 15, what is -184d21 + -14?
-184d35
In base 14, what is -bdc3 + -37?
-c01a
In base 11, what is -92 - -51a5?
5113
In base 9, what is 7220113 + 1?
7220114
In base 2, what is 100011 - -10011011101001110110?
10011011101010011001
In base 11, what is 59a9931 + 4?
59a9935
In base 8, what is -350261 - 22?
-350303
In base 13, what is -5475 + -a4b4?
-12959
In base 11, what is 0 + 831726?
831726
In base 7, what is -153516656 + -3?
-153516662
In base 15, what is -15 + -1ec581?
-1ec596
In base 10, what is -1390 + 13473?
12083
In base 10, what is 651 + 15159?
15810
In base 14, what is 1c73c3 + 1b?
1c7400
In base 4, what is -311031103103 + -1?
-311031103110
In base 2, what is 1011110101001 + -1001000010?
1010101100111
In base 15, what is -18 - 10b068?
-10b081
In base 11, what is -16614 + -201?
-16815
In base 7, what is -2663430 - 50?
-2663510
In base 3, what is -2200 + 10000100212?
10000021012
In base 13, what is 220 - 890b41?
-890921
In base 14, what is 2843bb - -a3?
284480
In base 7, what is -1 - -510515331?
510515330
In base 16, what is -8d3506 - 24?
-8d352a
In base 2, what is -11101100010 + 1001100001110?
101110101100
In base 8, what is 5 - 10501712?
-10501705
In base 9, what is -1702683 + 46?
-1702636
In base 8, what is -40 + -175032?
-175072
In base 6, what is -213452 - 1144542?
-1402434
In base 16, what is -1209c - 14c?
-121e8
In base 8, what is 67044 - -462?
67526
In base 15, what is -15 - -2ead3?
2eabd
In base 3, what is -112112 + 112201211211?
112201022022
In base 7, what is 1644412 - 1421?
1642661
In base 9, what is 4 - -45087834